{"id":120,"date":"2025-02-22T15:55:56","date_gmt":"2025-02-22T14:55:56","guid":{"rendered":"http:\/\/gktbud.pl\/?page_id=120"},"modified":"2026-03-23T14:19:24","modified_gmt":"2026-03-23T13:19:24","slug":"osiedle-grebalowska","status":"publish","type":"page","link":"https:\/\/gktbud.pl\/?page_id=120","title":{"rendered":"OSIEDLE GR\u0118BA\u0141OWSKA"},"content":{"rendered":"\n<p><strong>Opis inwestycji:<\/strong><\/p>\n\n\n\n<ul class=\"wp-block-list\">\n<li>7 budynk\u00f3w w zabudowie wolnostoj\u0105cej wybudowane zgodnie z projektem indywidualnym<\/li>\n\n\n\n<li>4 budynki w zabudowie bli\u017aniaczej wybudowane zgodnie z projektem dom w narcyzach 6B firmy Archon<\/li>\n\n\n\n<li>5 pokoi, 1 kuchnia, 2 \u0142azienki, kot\u0142ownia, gara\u017c, garderoba<\/li>\n\n\n\n<li>powierzchnia dzia\u0142ki oko\u0142o 350 &#8211; 400 m<sup>2<\/sup><\/li>\n\n\n\n<li>powierzchnia domu : ok 140 m<sup>2<\/sup><\/li>\n\n\n\n<li>inwestycja ogrodzona<\/li>\n\n\n\n<li>dobra komunikacja (blisko p\u0119tla tramwajowa i przystanek autobusowy)<\/li>\n\n\n\n<li>pe\u0142na infrastruktura w okolicy (przedszkole, szko\u0142a, o\u015brodek zdrowia)<\/li>\n\n\n\n<li>planowany termin oddania : I kwarta\u0142 2026<\/li>\n<\/ul>\n\n\n\n<figure class=\"wp-block-image size-large\"><img loading=\"lazy\" decoding=\"async\" width=\"1024\" height=\"683\" src=\"http:\/\/gktbud.pl\/wp-content\/uploads\/2025\/02\/1-1K2-1-1024x683.jpg\" alt=\"\" class=\"wp-image-127\" srcset=\"https:\/\/gktbud.pl\/wp-content\/uploads\/2025\/02\/1-1K2-1-1024x683.jpg 1024w, https:\/\/gktbud.pl\/wp-content\/uploads\/2025\/02\/1-1K2-1-300x200.jpg 300w, https:\/\/gktbud.pl\/wp-content\/uploads\/2025\/02\/1-1K2-1-768x512.jpg 768w, https:\/\/gktbud.pl\/wp-content\/uploads\/2025\/02\/1-1K2-1-1536x1024.jpg 1536w, https:\/\/gktbud.pl\/wp-content\/uploads\/2025\/02\/1-1K2-1-2048x1365.jpg 2048w\" sizes=\"auto, (max-width: 706px) 89vw, (max-width: 767px) 82vw, 740px\" \/><\/figure>\n\n\n\n<figure class=\"wp-block-image size-large\"><img loading=\"lazy\" decoding=\"async\" width=\"1024\" height=\"683\" src=\"http:\/\/gktbud.pl\/wp-content\/uploads\/2025\/02\/2-TAK-TO-TEN2-1-1024x683.jpg\" alt=\"\" class=\"wp-image-128\" srcset=\"https:\/\/gktbud.pl\/wp-content\/uploads\/2025\/02\/2-TAK-TO-TEN2-1-1024x683.jpg 1024w, https:\/\/gktbud.pl\/wp-content\/uploads\/2025\/02\/2-TAK-TO-TEN2-1-300x200.jpg 300w, https:\/\/gktbud.pl\/wp-content\/uploads\/2025\/02\/2-TAK-TO-TEN2-1-768x512.jpg 768w, https:\/\/gktbud.pl\/wp-content\/uploads\/2025\/02\/2-TAK-TO-TEN2-1-1536x1024.jpg 1536w, https:\/\/gktbud.pl\/wp-content\/uploads\/2025\/02\/2-TAK-TO-TEN2-1-2048x1365.jpg 2048w\" sizes=\"auto, (max-width: 706px) 89vw, (max-width: 767px) 82vw, 740px\" \/><\/figure>\n\n\n\n<figure class=\"wp-block-image size-large\"><img loading=\"lazy\" decoding=\"async\" width=\"1024\" height=\"683\" src=\"https:\/\/gktbud.pl\/wp-content\/uploads\/2025\/12\/grebalowska_ogrod-z-sauna-1024x683.jpg\" alt=\"\" class=\"wp-image-242\" srcset=\"https:\/\/gktbud.pl\/wp-content\/uploads\/2025\/12\/grebalowska_ogrod-z-sauna-1024x683.jpg 1024w, https:\/\/gktbud.pl\/wp-content\/uploads\/2025\/12\/grebalowska_ogrod-z-sauna-300x200.jpg 300w, https:\/\/gktbud.pl\/wp-content\/uploads\/2025\/12\/grebalowska_ogrod-z-sauna-768x512.jpg 768w, https:\/\/gktbud.pl\/wp-content\/uploads\/2025\/12\/grebalowska_ogrod-z-sauna.jpg 1536w\" sizes=\"auto, (max-width: 706px) 89vw, (max-width: 767px) 82vw, 740px\" \/><\/figure>\n\n\n\n<figure class=\"wp-block-image size-large\"><img loading=\"lazy\" decoding=\"async\" width=\"1024\" height=\"683\" src=\"https:\/\/gktbud.pl\/wp-content\/uploads\/2025\/12\/grebalowska_ogrod-1024x683.jpg\" alt=\"\" class=\"wp-image-243\" srcset=\"https:\/\/gktbud.pl\/wp-content\/uploads\/2025\/12\/grebalowska_ogrod-1024x683.jpg 1024w, https:\/\/gktbud.pl\/wp-content\/uploads\/2025\/12\/grebalowska_ogrod-300x200.jpg 300w, https:\/\/gktbud.pl\/wp-content\/uploads\/2025\/12\/grebalowska_ogrod-768x512.jpg 768w, https:\/\/gktbud.pl\/wp-content\/uploads\/2025\/12\/grebalowska_ogrod.jpg 1536w\" sizes=\"auto, (max-width: 706px) 89vw, (max-width: 767px) 82vw, 740px\" \/><\/figure>\n\n\n\n<figure class=\"wp-block-image size-large\"><img loading=\"lazy\" decoding=\"async\" width=\"1024\" height=\"684\" src=\"http:\/\/gktbud.pl\/wp-content\/uploads\/2025\/02\/4-1K-1024x684.jpg\" alt=\"\" class=\"wp-image-123\" srcset=\"https:\/\/gktbud.pl\/wp-content\/uploads\/2025\/02\/4-1K-1024x684.jpg 1024w, https:\/\/gktbud.pl\/wp-content\/uploads\/2025\/02\/4-1K-300x200.jpg 300w, https:\/\/gktbud.pl\/wp-content\/uploads\/2025\/02\/4-1K-768x513.jpg 768w, https:\/\/gktbud.pl\/wp-content\/uploads\/2025\/02\/4-1K-1536x1025.jpg 1536w, https:\/\/gktbud.pl\/wp-content\/uploads\/2025\/02\/4-1K-2048x1367.jpg 2048w\" sizes=\"auto, (max-width: 706px) 89vw, (max-width: 767px) 82vw, 740px\" \/><\/figure>\n\n\n\n<figure class=\"wp-block-image size-large\"><img loading=\"lazy\" decoding=\"async\" width=\"1024\" height=\"1024\" src=\"http:\/\/gktbud.pl\/wp-content\/uploads\/2025\/02\/3-1K-1024x1024.jpg\" alt=\"\" class=\"wp-image-121\" srcset=\"https:\/\/gktbud.pl\/wp-content\/uploads\/2025\/02\/3-1K-1024x1024.jpg 1024w, https:\/\/gktbud.pl\/wp-content\/uploads\/2025\/02\/3-1K-300x300.jpg 300w, https:\/\/gktbud.pl\/wp-content\/uploads\/2025\/02\/3-1K-150x150.jpg 150w, https:\/\/gktbud.pl\/wp-content\/uploads\/2025\/02\/3-1K-768x768.jpg 768w, https:\/\/gktbud.pl\/wp-content\/uploads\/2025\/02\/3-1K-1536x1536.jpg 1536w, https:\/\/gktbud.pl\/wp-content\/uploads\/2025\/02\/3-1K-2048x2048.jpg 2048w, https:\/\/gktbud.pl\/wp-content\/uploads\/2025\/02\/3-1K-100x100.jpg 100w\" sizes=\"auto, (max-width: 706px) 89vw, (max-width: 767px) 82vw, 740px\" \/><\/figure>\n\n\n<div class=\"wp-block-image\">\n<figure class=\"aligncenter size-full is-resized\"><img loading=\"lazy\" decoding=\"async\" width=\"500\" height=\"694\" src=\"https:\/\/gktbud.pl\/wp-content\/uploads\/2026\/02\/image-2.png\" alt=\"\" class=\"wp-image-280\" style=\"width:501px;height:auto\" srcset=\"https:\/\/gktbud.pl\/wp-content\/uploads\/2026\/02\/image-2.png 500w, https:\/\/gktbud.pl\/wp-content\/uploads\/2026\/02\/image-2-216x300.png 216w\" sizes=\"auto, (max-width: 500px) 100vw, 500px\" \/><\/figure>\n<\/div>\n\n<div class=\"wp-block-image\">\n<figure class=\"aligncenter size-full\"><img loading=\"lazy\" decoding=\"async\" width=\"438\" height=\"224\" src=\"https:\/\/gktbud.pl\/wp-content\/uploads\/2026\/02\/image-3.png\" alt=\"\" class=\"wp-image-281\" srcset=\"https:\/\/gktbud.pl\/wp-content\/uploads\/2026\/02\/image-3.png 438w, https:\/\/gktbud.pl\/wp-content\/uploads\/2026\/02\/image-3-300x153.png 300w\" sizes=\"auto, (max-width: 438px) 100vw, 438px\" \/><\/figure>\n<\/div>\n\n<div class=\"wp-block-image\">\n<figure class=\"aligncenter size-full\"><img loading=\"lazy\" decoding=\"async\" width=\"496\" height=\"589\" src=\"https:\/\/gktbud.pl\/wp-content\/uploads\/2026\/02\/image-4.png\" alt=\"\" class=\"wp-image-282\" srcset=\"https:\/\/gktbud.pl\/wp-content\/uploads\/2026\/02\/image-4.png 496w, https:\/\/gktbud.pl\/wp-content\/uploads\/2026\/02\/image-4-253x300.png 253w\" sizes=\"auto, (max-width: 496px) 100vw, 496px\" \/><\/figure>\n<\/div>\n\n<div class=\"wp-block-image\">\n<figure class=\"aligncenter size-full\"><img loading=\"lazy\" decoding=\"async\" width=\"437\" height=\"262\" src=\"https:\/\/gktbud.pl\/wp-content\/uploads\/2026\/02\/image-5.png\" alt=\"\" class=\"wp-image-283\" srcset=\"https:\/\/gktbud.pl\/wp-content\/uploads\/2026\/02\/image-5.png 437w, https:\/\/gktbud.pl\/wp-content\/uploads\/2026\/02\/image-5-300x180.png 300w\" sizes=\"auto, (max-width: 437px) 100vw, 437px\" \/><\/figure>\n<\/div>\n\n\n<p><strong><u>Podstawowe parametry budynk\u00f3w:<\/u><\/strong><\/p>\n\n\n\n<ul class=\"wp-block-list\">\n<li>Powierzchnia dzia\u0142ki:&nbsp;ok.<strong>300 m\u00b2<\/strong><\/li>\n\n\n\n<li>Rynek:&nbsp;<strong>pierwotny<\/strong><\/li>\n\n\n\n<li>Liczba pokoi:&nbsp;<strong>5<\/strong><\/li>\n\n\n\n<li>Rodzaj zabudowy:&nbsp;&nbsp;<strong>wolnostoj\u0105cy i<\/strong>&nbsp;<strong>bli\u017aniak<\/strong><\/li>\n\n\n\n<li>Liczba kondygnacji:&nbsp;<strong>2<\/strong><\/li>\n\n\n\n<li>Materia\u0142 budynku:&nbsp;<strong>pustak beton kom\u00f3rkowy<\/strong><\/li>\n\n\n\n<li>Rok budowy:&nbsp;<strong>2025\/2026<\/strong><\/li>\n\n\n\n<li>Poddasze:&nbsp;<strong>u\u017cytkowe<\/strong><\/li>\n\n\n\n<li>Dach:&nbsp;<strong>sko\u015bny dwuspadowy<\/strong><\/li>\n\n\n\n<li>Pokrycie dachu:&nbsp;<strong>dach\u00f3wka p\u0142aska<\/strong><\/li>\n\n\n\n<li>Stan wyko\u0144czenia:&nbsp;<strong>deweloperski<\/strong><\/li>\n\n\n\n<li>Okna:&nbsp;<strong>plastikowe<\/strong><\/li>\n\n\n\n<li>Po\u0142o\u017cenie:&nbsp;<strong>miasto<\/strong><\/li>\n\n\n\n<li>Powierzchnia u\u017cytkowa :&nbsp;<strong>ok 140 m<sup>2<\/sup><\/strong><\/li>\n<\/ul>\n\n\n\n<p><strong><u>Standard wyko\u0144czenia:<\/u><\/strong><\/p>\n\n\n\n<ol class=\"wp-block-list\">\n<li>Architektura i konstrukcja:\n<ol class=\"wp-block-list\">\n<li><strong>&nbsp;Konstrukcja \u015bcian zewn\u0119trznych \u2013&nbsp;<\/strong>pustak beton kom\u00f3rkowy<\/li>\n\n\n\n<li><strong>&nbsp;Ocieplenie \u2013&nbsp;<\/strong>styropian gr 15cm<\/li>\n\n\n\n<li><strong>&nbsp;Fundamenty \u2013&nbsp;<\/strong>\u0142awy monolityczne \u017celbetowe, \u015bciany z pustak\u00f3w szalunkowych<\/li>\n\n\n\n<li><strong>&nbsp;Konstrukcja \u015bcian wewn\u0119trznych konstrukcyjnych oraz dzia\u0142owych \u2013&nbsp;<\/strong>pustak ceramiczny<\/li>\n\n\n\n<li><strong>&nbsp;Strop na parterze&nbsp;<\/strong>\u2013 monolityczny \u017celbetowy<\/li>\n\n\n\n<li><strong>&nbsp;Tynki wewn\u0119trzne<\/strong>&nbsp;\u2013 gipsowe<\/li>\n\n\n\n<li><strong>&nbsp;Nadpro\u017ca<\/strong>&nbsp;\u2013 monolityczne, \u017celbetowe, belki ceramiczne<\/li>\n\n\n\n<li><strong>&nbsp;Schody<\/strong>&nbsp;\u2013 \u017celbetowe, dwubiegowe<\/li>\n\n\n\n<li><strong>&nbsp;&nbsp;Dach&nbsp;<\/strong>\u2013 dwuspadowy, konstrukcja drewniana, krycie dach\u00f3wk\u0105 p\u0142ask\u0105<\/li>\n<\/ol>\n<\/li>\n\n\n\n<li>Izolacja termiczna\n<ol class=\"wp-block-list\">\n<li>\u015bciany zewn\u0119trzne \u2013 styropian 15cm, \u015bciany fundament\u00f3w 12cm<\/li>\n\n\n\n<li>pod\u0142oga na gruncie \u2013 styropian 15cm<\/li>\n<\/ol>\n<\/li>\n\n\n\n<li>Stolarka i elementy zewn\u0119trzne\n<ol class=\"wp-block-list\">\n<li><strong>&nbsp;Okna<\/strong>&nbsp;\u2013 PVC, 3 szybowe, wsp\u00f3\u0142czynnik przenikania U<sub>V<\/sub>&nbsp;&lt; 0,9. Okna<\/li>\n\n\n\n<li>Drzwi zewn\u0119trzne \u2013 antyw\u0142amaniowe,<\/li>\n\n\n\n<li>Brama gara\u017cowa \u2013 segmentowa z nap\u0119dem, sterowana lokalnie i z pilota, kolor grafit<\/li>\n\n\n\n<li><strong>&nbsp;Parapety zewn\u0119trzne<\/strong>&nbsp;\u2013 blacha powlekana<\/li>\n\n\n\n<li>&nbsp;<strong>Rolety zewn\u0119trzne \u2013&nbsp;<\/strong>mo\u017cliwo\u015b\u0107 wykonania za dop\u0142at\u0105, system sterowania jak i rodzaj rolet do indywidualnego ustalenia<\/li>\n<\/ol>\n<\/li>\n\n\n\n<li>Zagospodarowanie terenu\n<ol class=\"wp-block-list\">\n<li>Opaska dooko\u0142a budynku wysypana kamieniem,<\/li>\n\n\n\n<li>Podjazdy i \u015bcie\u017cki przed budynkiem wykonane z kostki brukowej \/ powierzchnie \u017cwirowe \u2013 zgodnie z projektem zagospodarowania.<\/li>\n<\/ol>\n<\/li>\n\n\n\n<li>Instalacje sanitarne \u2013 dostosowane do architektury budynku\n<ol class=\"wp-block-list\">\n<li><strong>System wentylacji<\/strong>&nbsp;\u2013 wentylacja mechaniczna \/ rekuperator<\/li>\n\n\n\n<li><strong>Ogrzewanie w budynku<\/strong>&nbsp;\u2013 pompa ciep\u0142a powietrze-woda<\/li>\n\n\n\n<li><strong>Ogrzewanie pod\u0142ogowe w ca\u0142ym budynku<\/strong><\/li>\n\n\n\n<li><strong>Kanalizacja<\/strong>&nbsp;\u2013 odprowadzenie \u015bciek\u00f3w do kanalizacji MPWIK<\/li>\n\n\n\n<li><strong>Woda \u2013&nbsp;<\/strong>MPWIK<\/li>\n<\/ol>\n<\/li>\n\n\n\n<li>Instalacje elektryczne\n<ol class=\"wp-block-list\">\n<li>Zasilanie lini\u0105 kablow\u0105 z zestawu z\u0142\u0105czowo-pomiarowego<\/li>\n\n\n\n<li>Instalacja elektryczna wewn\u0119trzna wraz z zamontowanym osprz\u0119tem, wypusty o\u015bwietleniowe zako\u0144czone kostk\u0105.<\/li>\n\n\n\n<li>Instalacja zewn\u0119trzna \u2013 wypust kablowy na zewn\u0105trz budynku pod o\u015bwietlenie zewn\u0119trzne w ogrodzie<\/li>\n\n\n\n<li>Instalacja alarmowa \u2013 okablowanie<\/li>\n\n\n\n<li>Instalacja monitoringu CCTV \u2013 okablowanie<\/li>\n\n\n\n<li>Instalacja antenowa \u2013 okablowanie<\/li>\n\n\n\n<li>Instalacja fotowoltaiczna \u2013 trasy kablowe pod u\u0142o\u017cenie okablowania AC i DC.<\/li>\n\n\n\n<li>\u0141adowarka samochodowa \u2013 okablowanie bez dostawy urz\u0105dze\u0144<\/li>\n<\/ol>\n<\/li>\n\n\n\n<li>Lokalizacja\n<ol class=\"wp-block-list\">\n<li>Cisza i spok\u00f3j \u2013 obrze\u017ca osiedla Gr\u0119ba\u0142\u00f3w<\/li>\n\n\n\n<li>Komunikacja miejska MPK, nieopodal zajezdnia tramwajowa<\/li>\n<\/ol>\n<\/li>\n<\/ol>\n\n\n\n<div data-wp-interactive=\"core\/file\" class=\"wp-block-file\"><object data-wp-bind--hidden=\"!state.hasPdfPreview\" hidden class=\"wp-block-file__embed\" data=\"https:\/\/gktbud.pl\/wp-content\/uploads\/2025\/09\/GKT-BUD_prospekt_grebalowska_x.pdf\" type=\"application\/pdf\" style=\"width:100%;height:600px\" aria-label=\"Embed of GKT BUD_prospekt_gr\u0119ba\u0142owska_x.\"><\/object><a id=\"wp-block-file--media-b190015d-2355-447c-a76a-c406bb482d81\" href=\"https:\/\/gktbud.pl\/wp-content\/uploads\/2025\/09\/GKT-BUD_prospekt_grebalowska_x.pdf\">GKT BUD_prospekt_gr\u0119ba\u0142owska_x<\/a><a href=\"https:\/\/gktbud.pl\/wp-content\/uploads\/2025\/09\/GKT-BUD_prospekt_grebalowska_x.pdf\" class=\"wp-block-file__button wp-element-button\" download aria-describedby=\"wp-block-file--media-b190015d-2355-447c-a76a-c406bb482d81\">Pobierz<\/a><\/div>\n\n\n\n<div data-wp-interactive=\"core\/file\" class=\"wp-block-file\"><object data-wp-bind--hidden=\"!state.hasPdfPreview\" hidden class=\"wp-block-file__embed\" data=\"https:\/\/gktbud.pl\/wp-content\/uploads\/2026\/02\/GKT-BUD_grebalowska-11_rzuty-branzowe.pdf\" type=\"application\/pdf\" style=\"width:100%;height:600px\" aria-label=\"Embed of GKT BUD_gr\u0119ba\u0142owska 11_rzuty bran\u017cowe.\"><\/object><a id=\"wp-block-file--media-fb14a48b-3c58-40b2-8881-5c444244c032\" href=\"https:\/\/gktbud.pl\/wp-content\/uploads\/2026\/02\/GKT-BUD_grebalowska-11_rzuty-branzowe.pdf\">GKT BUD_gr\u0119ba\u0142owska 11_rzuty bran\u017cowe<\/a><a href=\"https:\/\/gktbud.pl\/wp-content\/uploads\/2026\/02\/GKT-BUD_grebalowska-11_rzuty-branzowe.pdf\" class=\"wp-block-file__button wp-element-button\" download aria-describedby=\"wp-block-file--media-fb14a48b-3c58-40b2-8881-5c444244c032\">Pobierz<\/a><\/div>\n\n\n\n<p><strong>Cennik dom\u00f3w<\/strong>:<\/p>\n\n\n\n<figure class=\"wp-block-image size-full\"><img loading=\"lazy\" decoding=\"async\" width=\"730\" height=\"790\" src=\"https:\/\/gktbud.pl\/wp-content\/uploads\/2025\/09\/mapa_z_domami.png\" alt=\"\" class=\"wp-image-189\" srcset=\"https:\/\/gktbud.pl\/wp-content\/uploads\/2025\/09\/mapa_z_domami.png 730w, https:\/\/gktbud.pl\/wp-content\/uploads\/2025\/09\/mapa_z_domami-277x300.png 277w\" sizes=\"auto, (max-width: 730px) 100vw, 730px\" \/><\/figure>\n\n\n\n<p>aktualizacja 23-03-2026r.<\/p>\n\n\n\n<ul class=\"wp-block-list\">\n<li>dom nr 1, 2, 3, 4, 8 &#8211; sprzedane<\/li>\n\n\n\n<li>dom nr 5 &#8211; 1 550 000z\u0142 brutto<\/li>\n\n\n\n<li>dom nr 6 &#8211; 1 550 000z\u0142 brutto<\/li>\n\n\n\n<li>dom nr 7 &#8211; zarezerwowany<\/li>\n\n\n\n<li>dom 9 &#8211; zarezerwowany<\/li>\n\n\n\n<li>dom 10 &#8211; 1 600 000z\u0142 brutto<\/li>\n\n\n\n<li>dom nr 11 &#8211; zarezerwowany<\/li>\n<\/ul>\n\n\n\n<p><strong>Wi\u0119cej informacji pod numerem telefonu: 605-250-456&nbsp;&nbsp; \/&nbsp;&nbsp; 660-706-214<\/strong><\/p>\n\n\n\n<iframe src=\"https:\/\/www.google.com\/maps\/embed?pb=!1m14!1m8!1m3!1d456.75037178061166!2d20.075749853835767!3d50.10062391719567!3m2!1i1024!2i768!4f13.1!3m3!1m2!1s0x47164f000c7c8e71%3A0xb961ce83b619cce3!2sGKT%20BUD%20Sp.%20z%20o.o.%20-%20osiedle%20Gr%C4%99ba%C5%82owska!5e1!3m2!1spl!2sus!4v1771443406641!5m2!1spl!2sus\" width=\"600\" height=\"450\" style=\"border:0;\" allowfullscreen=\"\" loading=\"lazy\" referrerpolicy=\"no-referrer-when-downgrade\"><\/iframe>\n\n\n\n<p><\/p>\n","protected":false},"excerpt":{"rendered":"<p>Opis inwestycji: Podstawowe parametry budynk\u00f3w: Standard wyko\u0144czenia: Cennik dom\u00f3w: aktualizacja 23-03-2026r. Wi\u0119cej informacji pod numerem telefonu: 605-250-456&nbsp;&nbsp; \/&nbsp;&nbsp; 660-706-214<\/p>\n","protected":false},"author":1,"featured_media":131,"parent":0,"menu_order":0,"comment_status":"closed","ping_status":"closed","template":"","meta":{"footnotes":""},"class_list":["post-120","page","type-page","status-publish","has-post-thumbnail","hentry"],"_links":{"self":[{"href":"https:\/\/gktbud.pl\/index.php?rest_route=\/wp\/v2\/pages\/120","targetHints":{"allow":["GET"]}}],"collection":[{"href":"https:\/\/gktbud.pl\/index.php?rest_route=\/wp\/v2\/pages"}],"about":[{"href":"https:\/\/gktbud.pl\/index.php?rest_route=\/wp\/v2\/types\/page"}],"author":[{"embeddable":true,"href":"https:\/\/gktbud.pl\/index.php?rest_route=\/wp\/v2\/users\/1"}],"replies":[{"embeddable":true,"href":"https:\/\/gktbud.pl\/index.php?rest_route=%2Fwp%2Fv2%2Fcomments&post=120"}],"version-history":[{"count":19,"href":"https:\/\/gktbud.pl\/index.php?rest_route=\/wp\/v2\/pages\/120\/revisions"}],"predecessor-version":[{"id":320,"href":"https:\/\/gktbud.pl\/index.php?rest_route=\/wp\/v2\/pages\/120\/revisions\/320"}],"wp:featuredmedia":[{"embeddable":true,"href":"https:\/\/gktbud.pl\/index.php?rest_route=\/wp\/v2\/media\/131"}],"wp:attachment":[{"href":"https:\/\/gktbud.pl\/index.php?rest_route=%2Fwp%2Fv2%2Fmedia&parent=120"}],"curies":[{"name":"wp","href":"https:\/\/api.w.org\/{rel}","templated":true}]}}